{"id":18,"date":"2026-04-01T11:14:07","date_gmt":"2026-04-01T11:14:07","guid":{"rendered":"https:\/\/www.lauraanstoetz.de\/?page_id=18"},"modified":"2026-04-01T11:18:41","modified_gmt":"2026-04-01T11:18:41","slug":"laura-anstoetz-coaching","status":"publish","type":"page","link":"https:\/\/www.lauraanstoetz.de\/?page_id=18","title":{"rendered":"Laura Anstoetz Coaching"},"content":{"rendered":"\n<div class=\"wp-block-group alignfull is-style-section-4 is-vertical is-layout-flex wp-container-core-group-is-layout-05b43539 wp-block-group-is-layout-flex is-style-section-4--1\" style=\"min-height:100vh;margin-top:0;margin-bottom:0\">\n<div class=\"wp-block-columns alignfull is-layout-flex wp-container-core-columns-is-layout-28f84493 wp-block-columns-is-layout-flex\">\n<div class=\"wp-block-column is-vertically-aligned-center is-layout-flow wp-block-column-is-layout-flow\">\n<div class=\"wp-block-group is-layout-flow wp-block-group-is-layout-flow\" style=\"padding-top:var(--wp--preset--spacing--50);padding-right:var(--wp--preset--spacing--50);padding-bottom:var(--wp--preset--spacing--50);padding-left:var(--wp--preset--spacing--50)\">\n<h2 class=\"wp-block-heading\">Liebe Interessentinnen<\/h2>\n\n\n\n<p>Hier entsteht meine neue Webseite. Wir gehen im Juni live. <\/p>\n\n\n\n<p>Bis dahin freue ich mich von Euch wie gewohnt per Telefon oder Email zu h\u00f6ren. <\/p>\n\n\n\n<p>Liebe Gr\u00fc\u00dfe, <\/p>\n\n\n\n<p>Eure Laura<\/p>\n<\/div>\n<\/div>\n<\/div>\n<\/div>\n","protected":false},"excerpt":{"rendered":"<p>Liebe Interessentinnen Hier entsteht meine neue Webseite. Wir gehen im Juni live. Bis dahin freue ich mich von Euch wie gewohnt per Telefon oder Email zu h\u00f6ren. Liebe Gr\u00fc\u00dfe, Eure Laura<\/p>\n","protected":false},"author":1,"featured_media":0,"parent":0,"menu_order":0,"comment_status":"closed","ping_status":"closed","template":"","meta":{"footnotes":""},"class_list":["post-18","page","type-page","status-publish","hentry"],"_links":{"self":[{"href":"https:\/\/www.lauraanstoetz.de\/index.php?rest_route=\/wp\/v2\/pages\/18","targetHints":{"allow":["GET"]}}],"collection":[{"href":"https:\/\/www.lauraanstoetz.de\/index.php?rest_route=\/wp\/v2\/pages"}],"about":[{"href":"https:\/\/www.lauraanstoetz.de\/index.php?rest_route=\/wp\/v2\/types\/page"}],"author":[{"embeddable":true,"href":"https:\/\/www.lauraanstoetz.de\/index.php?rest_route=\/wp\/v2\/users\/1"}],"replies":[{"embeddable":true,"href":"https:\/\/www.lauraanstoetz.de\/index.php?rest_route=%2Fwp%2Fv2%2Fcomments&post=18"}],"version-history":[{"count":4,"href":"https:\/\/www.lauraanstoetz.de\/index.php?rest_route=\/wp\/v2\/pages\/18\/revisions"}],"predecessor-version":[{"id":24,"href":"https:\/\/www.lauraanstoetz.de\/index.php?rest_route=\/wp\/v2\/pages\/18\/revisions\/24"}],"wp:attachment":[{"href":"https:\/\/www.lauraanstoetz.de\/index.php?rest_route=%2Fwp%2Fv2%2Fmedia&parent=18"}],"curies":[{"name":"wp","href":"https:\/\/api.w.org\/{rel}","templated":true}]}}